y = -3*y + 339. List the prime factors of y.
113
Let c be ((-2)/(-3))/((-36)/2646). Let j = c - -604. What are the prime factors of j?
3, 5, 37
Suppose 0 = 3*z - 9, -106*z + 107*z - 2159 = 4*n. Let k = 941 + n. List the prime factors of k.
2, 3, 67
Let z(w) = 15*w - 55. Suppose -5*a + 6 + 14 = 0. Let r be z(a). Suppose 0*c + 2*c + 4*b - 398 = 0, 965 = r*c + 4*b. What are the prime factors of c?
3, 7
Suppose 3*w - 25 = -5*n, -4*w + w = -n + 5. Suppose 4*k - 71 = 5*a - w*k, 2*a = 2*k - 28. Let u = -8 - a. List the prime factors of u.
7
Let f be 403 + (-6 - 0)/(-6). Suppose 1685 = 7*u + f. List the prime factors of u.
3, 61
Suppose -52*h - 54480 = -56*h. List the prime factors of h.
2, 3, 5, 227
Suppose s = -4*s + 50. Suppose -s*q + 1368 = 2*q. Suppose -3*f - q = -3*z, 2*f = 3*z - 30 - 86. List the prime factors of z.
2, 5
What are the prime factors of ((-10112)/(-2))/(215/430)?
2, 79
Let j(w) = 4*w - 49 - 3*w + 51 + 19*w**2. List the prime factors of j(-4).
2, 151
Suppose 2*o + 0 = 4. Let p be (0/o - -1)/((-1)/(-5)). List the prime factors of 37*p + (26 - 23).
2, 47
Let w(x) = -179*x**3 + 74*x**2 + 6*x + 29. List the prime factors of w(-5).
2, 757
Let w(i) = i**3 + 8*i**2 + 5*i + 12. Let q be w(-6). Let c = -55 + 77. Let f = q + c. What are the prime factors of f?
2, 19
Suppose 609734 + 1202092 = 558*t. What are the prime factors of t?
17, 191
List the prime factors of 1910/1*4/48*6.
5, 191
Suppose -2*k = -3*g - 221, 0 = -3*k + 5*g - 140 + 470. Let d = 235 - 69. Let c = d - k. List the prime factors of c.
3, 17
Suppose 9*o - v + 23 = 11*o, 5*v = -4*o + 43. Let g(f) = -4 + 17*f + 1 - f**2 - 3. List the prime factors of g(o).
2, 3
Let y(n) = -2*n - 12. Let p(d) = 18*d - 12. Let s be p(4). Let q be 1*(-4 - s/4). List the prime factors of y(q).
2, 13
Let c(z) = -14*z + 4. Let y = -33 - -37. Suppose 0 = -y*l + q - 2*q - 21, 5*q - 10 = 3*l. List the prime factors of c(l).
2, 37
Let s = 530 - 612. Let a = -33 + 21. Let z = a - s. What are the prime factors of z?
2, 5, 7
Suppose 5*o - 12605 = -5*d, 5*o = -3*d - 0*d + 12605. Suppose 14*s - o = 2309. Let m = s + -119. What are the prime factors of m?
2, 113
Let s(u) be the second derivative of -u**5/20 - u**4/3 - u**3/3 + u**2/2 - 77*u + 3. Let i be (3/2)/((-2)/8). List the prime factors of s(i).
5, 17
Let l be (-246)/(-18)*(-7 + 4). Let z = l - -48. What are the prime factors of (z - -2)/((-6)/(-4))?
2, 3
Suppose 0 = 4*h + 3*b - 31, 3*h + 2*b = 4*h + 6. Suppose 0*y + 4*d = -4*y + 112, y - 13 = -h*d. What are the prime factors of y?
3, 11
Let g = -8081 - -15249. What are the prime factors of g?
2, 7
Suppose 3*k - 2*k = -3*i - 115, -3*i = -2*k - 248. Let o = k + 133. What are the prime factors of o?
2, 3
Let b(d) = 2*d - 4. Let k be b(2). Suppose 2*x + 4*p = -184, k*p - 5*p = -5*x - 505. List the prime factors of 8/(-16) + x/(-4).
2, 3
Let n = 165 + -90. Let s be (((-6)/5)/(-3))/((-15)/n). What are the prime factors of 3 + (-3342)/(-27) - s/9?
127
Suppose -280 = 9*f - 1477. Suppose 0 = 4*w + 4*n - 320, 3*w + 5*n = 153 + 91. Let u = f - w. What are the prime factors of u?
5, 11
Suppose i - 2*d = 16 + 9, i + 5*d = -3. Suppose 18*o - i*o - 3 = 0. Suppose -2*t - j = -5*t + 60, o*j = -9. List the prime factors of t.
19
Let r(m) = 14*m - 35. Let i be r(4). Suppose 13*t = i*t - 1912. List the prime factors of t.
239
Suppose 34*x - 1305 = 29*x. Suppose 0 = -5*i - 5*h + 2520, -1038 = -3*i - h + 484. Let t = i - x. List the prime factors of t.
2, 31
Let i be ((-273)/(-9) - -1)/((-2)/(-3)). Suppose 2*w - i = -37. List the prime factors of w.
5
Suppose -17*p + 19*p + 6 = 0, -116600 = -5*o - 5*p. What are the prime factors of o?
83, 281
Let i = -443 + -7. Suppose 5*f + 749 + 566 = 0. Let h = f - i. What are the prime factors of h?
11, 17
Let j = -79 - -78. Let q(o) = -204*o + 2. What are the prime factors of q(j)?
2, 103
Suppose -5911 = 9*d + 1325. Let q = -66 - d. What are the prime factors of q?
2, 3, 41
Suppose -19*s - 104 + 28 = 0. List the prime factors of (-8352)/(-108) + 1 + s/3.
7, 11
Suppose 37*n + 169756 = 1590889. List the prime factors of n.
3, 7, 31, 59
Let u = 925 + 359. Suppose -2*t = t - u. List the prime factors of (10/(-40))/((-1)/t).
107
Let w(m) = -2*m - 5. Let s(q) = q + 3. Let r(v) = 5*s(v) + 3*w(v). Let t be r(-4). Suppose t*n = 7*n - 186. List the prime factors of n.
2, 31
Let v(c) = 6*c**2 - 22*c - 9. Let b be v(-6). Let n = -136 + b. What are the prime factors of n?
7, 29
Let y = -19305 - -39838. List the prime factors of y.
20533
Let t be (-3 - -4)/(6/24). Suppose -1043 = -5*o - t*g, 3*o + 0*g = -5*g + 631. List the prime factors of o.
3, 23
Let u(o) = 4*o**2 - o - 3. Let f be u(3). Suppose 3*t + 291 = 389*h - 386*h, h - 293 = 3*t. Let w = f - t. List the prime factors of w.
2
Suppose 0 = -66*c + 49*c + 61*c - 368676. What are the prime factors of c?
3, 7, 19
Let x = 4125 - -1165. List the prime factors of x.
2, 5, 23
Suppose -22*o = -27*o + 610. Let q = o - 118. Suppose q*u = 3*s + 678, 0 = u - 4*u - 5*s + 523. What are the prime factors of u?
3, 19
Let l = 380 + -497. Let j = 328 + l. List the prime factors of j.
211
List the prime factors of -96*(1362/(-104) - (-108)/(-702)).
2, 3, 53
What are the prime factors of -20 - -10 - 17648/(-4)?
2, 31, 71
Let n = -57 - -232. Let k = n + 116. List the prime factors of k.
3, 97
Suppose 402 = -5*j - b, 3*j - 3*b + 394 = -2*j. Let a = -73 - j. Suppose -6*y + 1157 = a*y. List the prime factors of y.
89
Let r(u) = -506*u - 2076. What are the prime factors of r(-33)?
2, 3, 2437
Let b(v) be the second derivative of 76*v**4/3 + 2*v**3/3 + v**2 + 3*v + 7. List the prime factors of b(-1).
2, 151
Let j be 6/48*4*-16. What are the prime factors of (j/(-3))/(0 + 5/2010)?
2, 67
Let r = -21667 - -49045. List the prime factors of r.
2, 3, 13
Let h be (285/10)/(-3)*8. Let k = h - -75. Let u(v) = 119*v**2 + v + 2. What are the prime factors of u(k)?
2, 3, 5
Suppose 19069 = 4*v - 7983. What are the prime factors of v?
6763
Suppose 0 = 5*j - 3*o + 43, -5*j + o = -3*j + 18. Suppose -5*d + 99 = -171. Let q = d - j. What are the prime factors of q?
5, 13
Let n(y) = -y + 6. Let k be (3/(-9))/(4/36). Let j be n(k). Suppose j*z - 472 = 5*z. What are the prime factors of z?
2, 59
Let l(i) = -247*i + 8. Let n(z) = 5*z + 1. Let q(b) = -l(b) + 3*n(b). List the prime factors of q(1).
257
Let u(t) = -24*t**3 + 9*t**2 + 9*t - 42. List the prime factors of u(-5).
2, 3, 523
Let h = 1 - -1. Let r(o) = 32*o - 47. Let u be r(10). Suppose -2*s - 4 - 2 = 0, -h*n = s - u. List the prime factors of n.
2, 3, 23
Suppose 0 = -26*i + 47315 + 21559. Let h = i - 1658. What are the prime factors of h?
991
Suppose 2*s = 3*b - 4*b + 362, -3*s = -5*b + 1810. Let x = 785 - b. List the prime factors of x.
3, 47
Suppose 0*d = -4*d + 168. Suppose d*u - 40*u = 0. Suppose u = -6*g - 37 + 1003. What are the prime factors of g?
7, 23
Suppose -4*d + 289 = i, 3*i - 897 = 3*d - 5*d. Let u = i - 209. What are the prime factors of u?
2, 23
What are the prime factors of 101280000/21250 - ((-4)/(-34))/1?
2, 2383
Let i(m) = -445*m**3 - 3*m**2 - 132*m - 523. What are the prime factors of i(-4)?
3, 9479
Let h(x) = -112*x - 134. Let w be h(12). Let y = 2286 + w. What are the prime factors of y?
2, 101
Suppose 250*s + 270 = 247*s. List the prime factors of (808/16)/((-3)/s).
3, 5, 101
Suppose -49*b + 45*b - n + 24212 = 0, -3*b - 5*n = -18142. List the prime factors of b.
2, 3, 1009
Suppose 0 = 11*a - 4*a - 21. Suppose 1218 = a*l - 408. List the prime factors of l.
2, 271
Let k(n) = 416*n**2 + 62 + 63 + 67 - 190. What are the prime factors of k(1)?
2, 11, 19
Let h be 14 + -7 - (-3 - -8). Suppose 0 = 5*b + h*b - 322. Suppose 4*k - 105 = -5*x, -b + 4 = -2*x + 5*k. List the prime factors of x.
3, 7
Suppose -3*r + 6 = 3*f, -8 = 4*f - 0. Suppose 0*n + 40 = n + 2*z, -3*n + r*z = -90. Suppose 30*h - n*h = -164. List the prime factors of h.
41
Let b = -1691 + 2848. What are the prime factors of b?
13, 89
Suppose 2*w - 430 - 284 = 0. Suppose -10*c = 11*c - w. List the prime factors of c.
17
Let g(s) = -s**3 + 32*s**2 - 85*s - 52. Let o be g(29). Let k = 2 + -4. List the prime factors of 35 + k/o*-3.
2, 3
Suppose b = -0*b. Suppose b = y + 41 + 49. Let c = 5 - y. What are the prime factors of c?
5, 19
What are the prime facto